posite number?
True
Suppose -7*m - 555 = -2*m. Is -2 - m - (-3 - -1) a prime number?
False
Suppose a = -2*j + 582, 4*j - 2*j = -2*a + 578. Is j a composite number?
False
Suppose -4*y + 6715 = -2*y - 3*u, 4*y = 3*u + 13445. Is y a prime number?
False
Let t = 4 + -9. Let u = 12 + t. Is u a prime number?
True
Let k(h) = 9*h - 1. Is k(24) composite?
True
Suppose -4*n + 0*n + 80 = 0. Suppose 3*z - 3*d = -d + 76, 0 = -4*d - n. Is z a composite number?
True
Is -113*(-8 - -8 - (0 + 5)) a prime number?
False
Let d(z) = 26*z**2 - 2*z - 3. Let f be d(-2). Let j = 14 + f. Is j a composite number?
True
Is ((-13256)/(-24))/((-2)/(-6)) a composite number?
False
Suppose -2*j = 3*o + j - 7002, 5*o - 4*j - 11661 = 0. Is o a prime number?
True
Let m(k) = -64*k - 1. Let y be (28/(-8))/7*6. Is m(y) composite?
False
Suppose 3*d = 6*d - 12. Suppose -d*w - 55 = 5. Is 4/(-10) - 1191/w a composite number?
False
Let j = -1 + 2. Let d(x) = -x**2 - j + x**2 + 13*x**2 - 2*x. Is d(-4) composite?
True
Let k(d) = -d**2 + 5*d - 3. Let i be k(2). Suppose -2*t - i*t = -35. Suppose -x + 1 = 0, 0 = -t*v + 2*v - 2*x + 277. Is v prime?
False
Is (-9)/(-7) - 4/14 - -2152 a composite number?
False
Let c(x) = 20*x**2 + 5*x - 2. Suppose 6 = -k - k. Is c(k) a prime number?
True
Suppose -5*g + 8 = -2. Suppose 1607 = 5*y + g*w, -y + w = -173 - 154. Is y prime?
False
Let m(s) = s**3 + 14*s**2 + 3. Let u be m(-14). Suppose -939 = -u*y + 522. Is y prime?
True
Suppose 2*t + 5*q - 4*q = 295, 4*q + 310 = 2*t. Is t prime?
True
Suppose -3824 = -12*m + 1348. Is m composite?
False
Suppose -2*m + 3 = 3*l, 0 - 39 = -5*m + 3*l. Let s(g) = 37*g - 8. Let a(n) = -112*n + 23. Let t(h) = m*a(h) + 17*s(h). Is t(-3) prime?
True
Is (12/8)/((-1)/(0 + -178)) prime?
False
Suppose 0 = 2*m + 2*q - 13556, -2*m + 2*q = 3*q - 13551. Is m composite?
True
Let v(u) = u + 8. Let t be v(-10). Let o(p) = 4*p**3 - 6*p**2 + 7*p. Let w(j) = j**3 - j**2 + j + 1. Let g(r) = t*w(r) + o(r). Is g(3) a prime number?
True
Suppose 0 = 4*w - 0*w. Let p(o) = -o**2 + o - 68. Let k be p(w). Is (k/6)/((-2)/6) a composite number?
True
Suppose -8*y = -3*y - 4*b - 27, 0 = 2*y - 3*b - 8. Suppose -y*w + 2*w + 1495 = 0. Suppose w = 3*i - 184. Is i a prime number?
False
Let i = 40 + 7. Let d be 34/(-4)*(5 - 1). Let z = i + d. Is z prime?
True
Is (12/4)/(-1) + 1464 a composite number?
True
Let u be 4/14 - 26/(-7). Let o be (-3 - 77)/(-1 - 0). Suppose -u*c + 18 + 54 = -3*m, -4*c = -m - o. Is c a composite number?
True
Let o(n) = 28*n**2 + n + 1. Is o(2) a composite number?
True
Suppose l + 5 = 2*l. Let v = l + -3. Suppose 5 = t + v. Is t composite?
False
Let d(w) = -16*w - 4. Let m be d(-4). Suppose -18 + m = 3*g. Is g a prime number?
False
Suppose 83 = -3*q - 7. Let a = -8 - q. Is a composite?
True
Is ((-1)/2)/(13/(-8762)) a composite number?
False
Suppose 4*l - 2*m - 2560 = 0, -2*l - 3195 = -7*l + 5*m. Is l composite?
False
Let h be (4/6)/((-2)/(-114)). Let v(c) = c + 1. Let n be v(2). Suppose -p + n*p = h. Is p a prime number?
True
Is 6970/22 - (-4)/22 a prime number?
True
Suppose -2*q + 48 = -262. Suppose 6*o - o = 15. Suppose 2*t + 113 = 5*t - r, 0 = -4*t - o*r + q. Is t prime?
False
Suppose 3*w + 3*m = 1005, -w - 2*m = -2*w + 341. Is w a prime number?
True
Let x(q) = q - 2. Let p be x(3). Suppose -3*d - p = 110. Let y = d + 116. Is y a prime number?
True
Let r = -1 + 32. Is r composite?
False
Let l(z) = -8*z**2 - 2*z + 1. Let i be l(-2). Suppose -2*t = 3*f + 7 + 21, 3*t - 26 = 4*f. Let k = f - i. Is k a prime number?
True
Let p = 5 + -2. Suppose -4*v + 182 = v + p*r, 0 = 2*v + 3*r - 80. Is v a composite number?
True
Is (0 - 1)/(2/(-194)) composite?
False
Let w(m) = -9*m**2 + m + 1. Let g be -1 - ((-2)/(-2) + 1). Let o(r) = 9*r**2 - r - 2. Let d(y) = g*w(y) - 2*o(y). Is d(2) composite?
True
Suppose -3 = -d + 1. Suppose -g + 1 = 0, 4*x + d*g = 2*g + 86. Is x a composite number?
True
Let n(i) = -104*i - 13. Is n(-3) prime?
False
Suppose w - 4*p - 1377 = 0, 0 = w + 2*p + 314 - 1661. Let g be w/4 + (-2)/8. Suppose 4*a = -2*r + 374, -4*a = -4*r - r - g. Is a a prime number?
False
Let n = 0 + 4. Suppose n*m - c - 2*c - 11 = 0, m = 3*c - 4. Suppose -m*o + 217 = -13. Is o a prime number?
False
Suppose -4*c = -4 - 0. Let h = 2 + c. Is h a prime number?
True
Let l = -6 - -6. Suppose -6*g + 3*g + 57 = l. Is g composite?
False
Suppose -3*h = 3*d - 3, 4*d + 2*h - 3 = 3. Let c(n) = 11*n + 41*n + 1 + 52*n. Is c(d) composite?
True
Let u be (-8)/10*495/(-6). Let w = 53 - 9. Let o = u - w. Is o composite?
True
Let b = 3837 - 5785. Let k be 2/(-9) + b/(-18). Suppose 5*v - 280 = -3*q, k = 2*v + 2*q - 0*q. Is v prime?
True
Suppose 435 + 315 = 5*n. Let q = n + -53. Is q a composite number?
False
Let i(t) = 17*t**2 + 6*t - 1. Let z(o) = 16*o**2 + 7*o - 2. Let p(b) = 3*i(b) - 2*z(b). Let y(r) = -3*r**2 - 1. Let d be y(-1). Is p(d) a prime number?
False
Suppose -473 - 85 = -3*n. Let s = -124 + n. Is s prime?
False
Let v(m) = -m**3 - m**2 - 2*m + 449. Suppose -3*c - 12 = 0, l + 3*l - 2*c = 8. Is v(l) composite?
False
Let p be ((-4)/(-8))/(2/(-20)). Let j(b) = b**3. Let d(k) = 5*k**3 - 4*k**2 - 6. Let u(z) = d(z) - 6*j(z). Is u(p) composite?
False
Let q(h) = h**3 - 5*h**2 - 4*h - 5. Let p be q(6). Suppose -4*a + p + 877 = 0. Is a composite?
True
Suppose -d = -f - 221 + 969, -2993 = -4*f + 3*d. Is f composite?
True
Suppose 3 = -5*h - 2, h = 3*q + 155. Let u = q + 1155. Suppose 2*a - 4*a + 229 = x, u = 5*x - 4*a. Is x a prime number?
True
Suppose -3*r = 4*h + h - 2681, 5*r + h - 4439 = 0. Is r prime?
True
Let h be 30/(-12)*(-444)/10. Suppose -4*g + 9*g + 4*w - h = 0, -34 = -2*g + w. Is g a prime number?
True
Let a = 9 + -5. Let u = a + -3. Suppose u - 20 = -k. Is k composite?
False
Let h be (2 - 1)*57/3. Let t = h - -90. Suppose -t = -3*w - 2*c, -4*c - 7 - 20 = -w. Is w prime?
False
Let m(z) = z - 1. Let k be m(0). Is 36 + (1 - (-1 - k)) composite?
False
Suppose -s + 12 = -3*x - x, 20 = -5*x. Let o(z) = 4*z**2 + 2*z - 1. Let a be o(-5). Let n = s + a. Is n prime?
False
Let o be 3 + (2 - -1) - 3. Let g be (-1)/4 - 75/(-12). Suppose -2*z = 3*a - 85, -o*a + g*z + 50 = z. Is a composite?
True
Suppose -2026 = -2*z + 4*l, -114 = 4*z - l - 4152. Is z a composite number?
False
Suppose -2*o - 2*o - 7212 = -4*l, -2*l - 4*o + 3594 = 0. Is l prime?
True
Suppose w - 27 = 4*u, 6 = w + 2*u + u. Let p = w + -27. Is (-87)/(-12) + 3/p prime?
True
Suppose -5*j - 5*r = -4745, 1116 = 2*j + 3*r - 778. Is j composite?
False
Suppose -2*z + 5*a + 171 = 0, -3*z + 2*z + 87 = -3*a. Suppose -2*t = 5*v - z, -1 = -v + 1. Is t prime?
False
Suppose 0 = o - z - 146, 3*z = 6*o - o - 728. Let w be 3276/(-65) - 4/(-10). Let p = o + w. Is p prime?
False
Let t(a) = -70*a**3 + 5. Let s(m) = -139*m**3 + 9. Let y(o) = -6*s(o) + 11*t(o). Is y(1) prime?
False
Suppose 4*x + 16 - 40 = 0. Suppose 12 = 3*t + 3*a, -2*a = -2*t - x*a + 8. Suppose -t*k = 2*y - 10, -y - 3*y + k + 29 = 0. Is y a prime number?
True
Suppose 2 - 1 = -o. Let c(k) = -8*k**3 - k**2. Is c(o) composite?
False
Let m = -7 - -17. Is m prime?
False
Suppose -u - 3*m = -24, u = -3*m + 7*m - 11. Let t be 2 - 2 - u/3. Is (114/18)/((-1)/t) composite?
False
Suppose 3*c = 851 + 646. Is c composite?
False
Let j = 172 + -117. Is j composite?
True
Let x be 5/2*(-8)/(-5). Let c = x - 4. Let a(m) = -m**3 - m**2 - m + 55. Is a(c) a composite number?
True
Suppose -2*d = 0, b + 0*b = -2*d + 535. Is b a prime number?
False
Let g = 6 - 5. Is (8 - 5) + g*84 a composite number?
True
Let c(h) = 131*h - 3. Suppose t = -2, 4 = 5*i + 2*t + t. Is c(i) a prime number?
False
Let u be (-2 + 4)/(5/345). Suppose -u = -2*k + 56. Is k composite?
False
Suppose 6*i - 2*i = -16. Suppose 348 = 3*z - 291. Is i/(-10) + z/5 a composite number?
False
Suppose j - 289 = -100. Let a = j + -122. Is a a prime number?
True
Let i be (-10)/3*(12 - 15). Let k = i - -16. Is k a composite number?
True
Let l be -1 + -57 + -2 + 1. Let f = l + 90. Is f a prime number?
True
Let s(i) = i + 11. Is s(8) prime?
True
Let l(b) = -1. Let p(c) = -103*c**2 - 2*c. Let n(f) = -l(f) - p(f). Is n(-2) prime?
True
Let f = -8 - -3. Let n(y) = 40*y**3 - 2*y**2 + 3*y - 2. Let z(h) = 20*h**3 - h**2 + h - 1. Let b(m) = f*z(m) + 2*n(m). Is b(-1) composite?
True
Suppose 113 = 2*j - 8*d + 3*d, 4*j - 5*d = 231. Is j a composi